inder when 9 is divided by i?
0
Let z(r) = r**3 + 13*r**2 + 7*r + 19. Calculate the remainder when z(-12) is divided by 20.
19
Suppose n + 39 = 45. Let y = -45 + 3. Calculate the remainder when 19 is divided by (140/y)/((-4)/n).
4
Suppose -j - 2*j = -33. Suppose 15*r - 41 = 14*r. Calculate the remainder when r is divided by j.
8
Let x = 20 + -13. Let w(h) = -4*h**2 + 7*h + 4. What is the remainder when x is divided by w(2)?
1
Let x(f) = -72*f - 430. What is the remainder when 65 is divided by x(-6)?
1
Calculate the remainder when 279/9 + 3 + -3 is divided by 13.
5
Let o(n) = n**3 - 6*n**2 + 21*n - 12. Let f be o(8). Suppose 4*g + 0*g = f. Let t = -38 + g. What is the remainder when t is divided by 10?
3
Let i = -13 - -37. What is the remainder when 24960/546 + (-4)/(-14) is divided by i?
22
Let u = 512 - 486. What is the remainder when 51 is divided by u?
25
Let y = 43 - 44. Calculate the remainder when 29 is divided by (-22)/((y - 4) + 3).
7
Let f = 86 - 31. Let n = -69 - -144. Suppose -1 = 4*l + k - n, 5*k - 9 = -l. Calculate the remainder when f is divided by l.
17
Suppose 3*k - 105 + 10 = -2*n, -2*n = -4*k + 122. Calculate the remainder when k is divided by 16.
15
Let b(f) be the second derivative of -5*f**3/2 - 77*f**2/2 - 2*f. Calculate the remainder when b(-21) is divided by 48.
46
Suppose -c = -5*c - 5*j + 128, c - 53 = 4*j. Calculate the remainder when 284 is divided by c.
25
Let v be 8 + -21 + 1*2. Let p(w) = -w**3 - 11*w**2 - 3*w - 25. Calculate the remainder when 45 is divided by p(v).
5
Let i be 10/(-5) + 8*1. Calculate the remainder when 9 is divided by (1/(-3))/(i/(-54)).
0
Suppose -7*x + 2*x + 15 = 2*a, 3*a - 17 = -2*x. Suppose y + 0*y - x = 0. Let m = -559 + 560. Calculate the remainder when m is divided by y.
0
Suppose 0 = -17*v + 387 - 64. Suppose 27*i - v*i - 328 = 0. Calculate the remainder when 114 is divided by i.
32
Suppose 3*q - 3*l = -2*q + 167, 0 = 4*l + 16. What is the remainder when 212 is divided by q?
26
What is the remainder when 97 is divided by (-8)/((-288)/678) + 1/6?
2
Suppose 3*k - z - 49 = 0, 48 - 115 = -4*k + z. Let q be (-8)/(-6)*12/8. Calculate the remainder when k is divided by q*-1*20/(-8).
3
Let r(f) = -11*f + 3. Let j be r(-4). Suppose 3*v = -v + 36. Suppose 4*x = v + j. Calculate the remainder when 53 is divided by x.
11
Let m = 1627 - 1558. What is the remainder when 223 is divided by m?
16
Let t be (6/(-4))/((-1)/14). Let z = 24 - t. Suppose l - 3 = z*j, 3*l + 5*j - 43 = 2*l. Calculate the remainder when l is divided by 7.
4
Suppose 0 = 61*t - 4580 + 1774. What is the remainder when 1149 is divided by t?
45
Let c(l) = l**2 - l. Let z be c(2). Suppose h = 5*y - 21, -y + z*h - 15 = -3*h. Calculate the remainder when 7 is divided by y.
2
Let j(v) = v**3 + 9*v**2 - 4*v - 2. Let w(h) = h + 6. Let g be w(-3). Suppose g*t = 21 + 6. What is the remainder when j(-9) is divided by t?
7
Let a(w) = -14*w - 2. Let v be (-48)/20 + 6/(-10). What is the remainder when v - (-1*52 - 1) is divided by a(-2)?
24
Let u(p) = -9*p - 18. Suppose -2*m - 24 = -3*r, 2*m + 2 = -r - 6. Calculate the remainder when u(m) is divided by 10.
6
Calculate the remainder when 185 is divided by (810/(-6))/(-5) - -4.
30
Let g(n) = -n**3 + 5*n**2 + 4*n + 49. What is the remainder when g(6) is divided by 10?
7
Calculate the remainder when 76 is divided by (-1 + (-12)/(-8) + -1)*-20.
6
Suppose -i + 70 = 5*s, -3*i - 27 = -2*s + 18. Let t = -12 + 8. Let b(p) = -p**3 + 4*p + 10. Calculate the remainder when b(t) is divided by s.
13
Let r = 20 + -12. Suppose -r*t + 3*t = -485. Calculate the remainder when t is divided by 20.
17
Let h(m) = -m**2 + 18*m - 45. Suppose 5*z = 202 + 8. Calculate the remainder when z is divided by h(14).
9
Suppose 3*b = 12, -2*t + 2*b - 56 = t. Let m = t - -16. Suppose m = 5*h - 46 - 19. Calculate the remainder when 62 is divided by h.
10
Suppose 5*z - 25 = -0. Suppose -5*r + 10 = -z. Suppose 0*m = 4*m - r*f - 201, -4*m + 200 = -4*f. What is the remainder when m is divided by 13?
12
Calculate the remainder when 0 + 0 + (-3)/(-2)*16 is divided by 12.
0
Let g(d) be the third derivative of -11*d**2 - 1/60*d**5 - 4/3*d**3 + 0 + 5/8*d**4 + 0*d. What is the remainder when 71 is divided by g(13)?
17
What is the remainder when (-8)/10 - (-43344)/630 is divided by 50?
18
What is the remainder when -1956*4/(-16)*20/15 is divided by 41?
37
Suppose -4*m = -0*m - 24. Let y(v) = 4*v - 18. What is the remainder when 1/((-2)/(-32)) + -1 is divided by y(m)?
3
Let r(l) = -l**3 - 14*l**2 + 18*l + 36. Let u be r(-15). Let p(n) = 2*n + 70. Calculate the remainder when p(u) is divided by 18.
16
Suppose 3*k = 6*p - 2*p - 13, 2*k = -4*p - 2. What is the remainder when 15*8/(-36)*k is divided by 5?
0
Let u(f) = f**2 - 6*f + 16. Let a = 41 - 34. Calculate the remainder when u(a) is divided by 12.
11
Let b(o) = 4*o**2 - 5*o - 4. Calculate the remainder when b(-5) is divided by (-81)/108 + (732/16 - 3).
37
Suppose 7 = 2*m + c - 2, -5*m + c + 19 = 0. Suppose -4*y + 102 + 10 = m*d, 2*d - 4*y - 26 = 0. Calculate the remainder when d is divided by 5.
3
Let z = -29 + 50. Let i(t) = 3*t**2 + 12*t. Let p be i(-4). Suppose p*d - 36 = -6*d. What is the remainder when z is divided by d?
3
Let d(r) = -r**2 - 9*r. Suppose -5*i = -o - 1 + 3, o = -2*i - 12. What is the remainder when 0/((-3)/(-1)) + 30 is divided by d(o)?
6
Suppose 3*v = 6, 2*u - 5*u + 5 = -2*v. Let s = 2 + u. Suppose 4*b = -3*d + 23, 0*b - s*b - 4*d + 28 = 0. Calculate the remainder when 30 is divided by b.
6
Suppose 0*f + 3 = f. Let y(k) = -k**3 + 3*k**2 + 1. Let a be y(3). Calculate the remainder when -2 - (-1 + -12) - a is divided by f.
1
Suppose 138 = 3*s + 3*w, 50 = 3*s + 5*w - 92. Suppose -3*r - g + 266 = 0, r + 5*g - 71 - 41 = 0. What is the remainder when r is divided by s?
43
Suppose -4*w = 160 - 212. What is the remainder when 154 is divided by w?
11
Let c = 240 - 193. Calculate the remainder when c is divided by 24.
23
Let l = -2388 - -2400. Suppose 4*h + 18 = 5*p - 214, h = p - 47. What is the remainder when p is divided by l?
8
Let n(s) be the third derivative of -s**5/15 + s**4/24 + s**3/6 + 2*s**2. Let m be n(-1). What is the remainder when 15 is divided by (m/(-3))/(8/36)?
3
Suppose 4*b + 2*j = b + 46, 5*b - 79 = -j. Let t(r) = -r**3 - r**2 + r + 1. What is the remainder when t(-4) is divided by b?
13
Let o = 537 + -535. Let f be (-2 - -4)*2/(-4). What is the remainder when 1 + 1 - (f - 0) is divided by o?
1
Suppose 0 = 4*a - 64 - 84. Let g(o) = 26*o - 354. Calculate the remainder when a is divided by g(14).
7
Let n(b) = b + 8. Let k be n(-8). Suppose k = -2*d, -2*d + 7 = -4*w - 9. Calculate the remainder when 43 is divided by 16 + (2 - (7 + w)).
13
Let q be (2 - -10) + 11/(-11). Let v(i) = 7*i - 26. What is the remainder when v(q) is divided by 14?
9
Let q(i) = -3*i**2 + 41*i - 61. Calculate the remainder when 157 is divided by q(11).
22
Suppose -28*g + 390 = -58. Calculate the remainder when 55 is divided by g.
7
Suppose 0 = 5*m - 21 - 29. Let f(z) = 78*z + 3606. What is the remainder when f(-46) is divided by m?
8
Suppose -17 = 4*m - 11*y + 6*y, -5*m + 2*y = 0. Suppose 0 = 3*k - 12, 3*l - 2*l - 39 = -m*k. What is the remainder when l is divided by 5?
1
Let h(t) = 48 - 171*t + 16 + 168*t. Calculate the remainder when 56 is divided by h(11).
25
Suppose -4 = -5*h + 21. What is the remainder when -2 + (25 - (-1 + 3)) is divided by h?
1
Suppose 23*u - 87 = 20*u. Suppose 5*d - f = -0*f + 695, -5 = -f. What is the remainder when d is divided by u?
24
Suppose 2041 = -i + 4*i + t, -3*t = 6. Calculate the remainder when i is divided by 38.
35
Let k = -113 - -206. Calculate the remainder when k is divided by 19.
17
Let g = -155 - -115. Let i = g + 54. What is the remainder when 23 is divided by i?
9
Let k(x) = 13*x**2 + 2. What is the remainder when 54 is divided by k(-1)?
9
Suppose b = 2*h - 637, 5*b - 966 = -5*h + 664. What is the remainder when h is divided by 14?
13
Let s(m) = -28*m + 5. Let j(r) = r**3 + 2*r**2 + 7. Let o be j(-3). Calculate the remainder when s(o) is divided by 31.
30
Let q = 35 - 12. Let l(k) = -k**3 + 22*k**2 + 23*k + 13. What is the remainder when 22 + (2/(-1))/(-2) is divided by l(q)?
10
Let u = -433 + 553. What is the remainder when 1678 is divided b